-3*m + 3247, 7*m = 4*m + 5*k + 3241. Is m a composite number?
True
Let a be 0 - -3 - 150*6. Let t = -454 - a. Is t a composite number?
False
Suppose -6*r + 7*r = 3. Suppose 4*i + 1984 = 4*o, -2*o = -1 - r. Let p = 239 - i. Is p a prime number?
True
Let o = -6613 - -9750. Is o a prime number?
True
Let s = -348 - -4031. Is s a composite number?
True
Let c = -249 + 459. Suppose a - 1026 = -5*k + c, 5*k - 1240 = -5*a. Is k a prime number?
False
Let b be 0/(-1) - (3 - 1). Let q be (20/8 + b)*802. Let h = -214 + q. Is h a prime number?
False
Let z be 2/(1841/(-921) + 2). Suppose -6*m + z = -0*m. Is m a prime number?
True
Let p(r) = 15*r**3 - r**2 - 2*r + 1. Let y be p(-2). Let k = y + 518. Is (-40)/50 - k/(-5) a prime number?
True
Let k be (4164/(-15))/((-2)/(-10)). Is (k/16)/((-5)/20) prime?
True
Let z(q) = -q**3 - 9*q**2 + 9*q + 9. Let a be z(-7). Let l = a + 283. Is l prime?
True
Let v be 6*6/36*0. Is (1437 - v)*(-4)/(-12) a composite number?
False
Suppose 17064 = 8*g - 8384. Let r = g + -1704. Is r a composite number?
True
Let a be (-1 - 1)/((-6)/(-9)). Let k be 184/(-12) + (-1)/a. Let b = k + 52. Is b prime?
True
Let n be (0 - (-2 + 2)) + 3. Suppose -n*f - 1162 = -7*f - 5*h, -4*f + 2*h + 1176 = 0. Is f prime?
True
Let y be -1*(-5 - (-3 - -3)). Suppose -12 = y*n - 9*n. Is n - -12*(-52)/(-4) a composite number?
True
Is (0 - -2903) + -4 - -2 a prime number?
False
Is (-2691)/(-6)*(0 + 4/6) a prime number?
False
Let x(v) = 32*v**2 + 60*v - 25. Is x(-22) a composite number?
False
Suppose -4*y + 1 + 7 = -g, -2*y + 5*g + 4 = 0. Suppose y*s - 2031 = -s. Is s a prime number?
True
Let t(b) = -4*b + 15. Let a be t(5). Is a/(-10) + 1410/4 a composite number?
False
Let t(q) = 3*q - 7. Let r be t(-5). Let h = r - -17. Is 6/(-15) - 1827/h a composite number?
True
Let i(x) = x + 6. Let q be i(0). Let p(z) = 32*z + 5. Let c be p(4). Let u = c - q. Is u a prime number?
True
Suppose 8 = 2*c - 3*c. Is c/(1 + 1) + 127 a composite number?
True
Let h(c) = 590*c - 5. Let b(u) = -u - 1. Let s(p) = 3*b(p) - h(p). Let k(v) = 296*v - 1. Let t(x) = -5*k(x) - 2*s(x). Is t(-2) prime?
False
Suppose 19*x - 422116 = 71827. Is x a prime number?
True
Let v(c) = 586*c - 151. Is v(6) prime?
False
Let b(k) = k + 3. Let l be b(2). Suppose -q - 2*n + 230 = 3*q, 0 = n + l. Let d = q - 9. Is d a composite number?
True
Let x(s) = 221*s**2 + 3. Let a be (-5)/(-3) - (44/(-6) - -7). Is x(a) a prime number?
True
Suppose 2*f = 8, f - 6*f - 379 = 3*j. Let o = j + 324. Is o a composite number?
False
Let b(u) = -4*u + 19. Let v be b(4). Suppose 0 = -3*f, -v*z + 0*z + 2*f = -3357. Is z a prime number?
False
Is (-3)/(-6) - 4383365/(-34) a prime number?
True
Let l(g) = g**2 - 5*g - 9. Let r be l(7). Suppose -1059 = -4*n - 3*t + 101, r*n - 1457 = -2*t. Is n a composite number?
False
Let l(n) = -2633*n + 166. Is l(-3) composite?
True
Suppose -k + 12467 = 4*y, 6*y = 7*y + 1. Is k composite?
True
Suppose -63 - 34 = d. Let t(z) = z**2 + 5*z - 3. Let o be t(-5). Let v = o - d. Is v a prime number?
False
Suppose 5*y - 3*f = -8*f + 45, y = 4*f - 16. Suppose -3 = -y*b + 5. Suppose b*l + 2*l - 212 = 0. Is l prime?
True
Is (21/6)/(-7)*-2202 a composite number?
True
Let b(s) = s**2 - 4. Let i be b(2). Suppose -2*j + 55 + 475 = i. Is j prime?
False
Suppose -5*c + 2*s + 446 = -s, 2*s = -4*c + 348. Suppose 0 = -5*l + c - 218. Let w = 121 + l. Is w prime?
False
Let f be 3*(-1)/(0 + 1). Let l(k) = 34*k**2 - 7*k - 8. Is l(f) prime?
False
Suppose 15*m = 359384 + 315721. Is m a prime number?
True
Let z = -2257 - -4792. Suppose -5*l + z = 5*o, -4*l + 1525 = -o + 4*o. Is o a composite number?
False
Let i = 48222 - 27101. Is i composite?
False
Suppose 24*d + 12984 = 45696. Is d a composite number?
True
Let p be 13/3 + (-10)/(-15). Suppose 2*z + z = -4*v + 27, -p*z - 3*v + 34 = 0. Suppose z*a = 256 + 2029. Is a a composite number?
False
Let v(i) = -i**3 + 11*i**2 - i - 6. Let u be v(6). Let k = u - 79. Is k composite?
False
Suppose 29 = 3*c + 5. Let z be c/(-36) + 47/9. Suppose -z*h + 2*a + 57 = -3, -3*h + 35 = -a. Is h a composite number?
True
Let p(h) be the third derivative of -h**6/4 - h**5/15 - h**4/6 + h**3/6 + 10*h**2. Is p(-3) composite?
False
Let u(g) = 6*g**2 - 11*g + 22. Is u(27) a composite number?
False
Let n be (-12)/(-66) + (-40)/(-22). Suppose 98 = -n*f + 694. Is f a composite number?
True
Suppose -6*g + 3*g + 2488 = -k, -4*g = -k - 3317. Is g composite?
False
Suppose 8*f + 70 = 3*f. Let k = -9 - f. Suppose 7*a - k*a = 68. Is a prime?
False
Let i(g) = 2052*g**2 - 4*g + 3. Let z be ((4/(-20))/((-4)/40))/2. Is i(z) prime?
False
Let c = -2539 - -17418. Is c prime?
True
Suppose 2*t + 2*d + 392007 = 7*t, 0 = -t - d + 78400. Is t a prime number?
True
Let c(x) = -330*x**2 - 19*x + 11. Let f(u) = -165*u**2 - 9*u + 5. Let v(j) = 6*c(j) - 13*f(j). Is v(-3) a composite number?
True
Let f(i) = 2*i**2 + 8*i + 3. Let k be f(-3). Is 0 - -50 - k/1 a composite number?
False
Let k(h) = -68*h**3 - 4*h**2 - 2*h + 2. Let q be k(-2). Suppose -4*u = -2*u - q. Is u a prime number?
False
Let d be 4/26 - 216/52. Let h be 105 - d/(8/(-6)). Suppose h = 2*w - 152. Is w prime?
True
Let s(r) = -99*r**2 - 17*r + 21. Let h(i) = i**2 + i. Let v(x) = -6*h(x) - s(x). Is v(4) a composite number?
False
Let g(z) be the second derivative of -695*z**3/6 + 5*z**2/2 - 2*z. Let o be g(2). Let p = 450 - o. Is p composite?
True
Suppose -5681818 + 1520742 = -76*u. Is u a prime number?
True
Suppose 948*n - 946*n - 3716 = 0. Is n composite?
True
Let q(d) be the third derivative of d**5/12 + 7*d**4/24 + 5*d**3/6 - d**2. Let h(j) = -j**2 - j. Let r(c) = 2*h(c) + q(c). Is r(-6) composite?
False
Suppose 14*a = 13*a + 8899. Is a composite?
True
Suppose 0 = 4*z + 3*f - 0*f - 6039, -2*z = -3*f - 2997. Suppose 5*x - z = -x. Is x composite?
False
Suppose 30366 = 5*r + 3*f - 83731, -4*r - f = -91272. Is r composite?
False
Suppose -3*w = -w - 4. Suppose 0 = w*m - 7*m - 15. Is (m - 30)*(-1 - 0) a composite number?
True
Let x be 1/((-10)/(-4)) - (-115)/25. Let a(y) = 8*y**3 + 2*y**2 - 9. Is a(x) a prime number?
False
Let d(s) = -2*s**3 + 3*s**2 - 2*s - 1. Let g be d(2). Let j(m) = -5 + 1 + 0 + m**2. Is j(g) a composite number?
True
Suppose -3*i - 978 = 3072. Let s = -763 - i. Is s composite?
False
Let f be 2/12*-4*-3. Suppose 10 = -2*h + f*g - 28, 0 = -h + 5*g - 39. Is (-1)/2 + (-91)/h composite?
True
Suppose -8 = -0*k - 2*k. Suppose -4*r + k + 4 = 0. Suppose 524 = r*g + 102. Is g a composite number?
False
Suppose 0*h = h + 144. Let d = h - -475. Is d a composite number?
False
Let j be ((-302)/(-8))/(-3 - (-91)/28). Let b(s) = 19*s**3 + 4*s**2 + 3*s + 2. Let l be b(-2). Let a = j - l. Is a prime?
False
Suppose -2 - 4 = -2*f. Suppose -4*k - f*d - 16 = -0, 3*k + 4*d = -19. Is 12*3 - (2 + k) prime?
False
Suppose -5*k = 2*b - 3331, 0*b + 5*b = 5*k - 3345. Is k composite?
True
Suppose 19*a - 307068 + 20149 = 0. Is a a composite number?
False
Let f = -824 + 1365. Is f a prime number?
True
Let l = -2785 - -11954. Let r = l + -3870. Is r a prime number?
False
Let p be 3/(-6)*7*-18. Let g = p - -326. Is g a composite number?
False
Suppose 30*f - 5555 = 25*f. Is f prime?
False
Let s(c) = 3*c**3 - 16*c**2 + 39*c + 7. Let u(p) = p**3 - 8*p**2 + 19*p + 3. Let m(n) = -2*s(n) + 5*u(n). Is m(-12) prime?
True
Let w = 2 - -2. Suppose 3*m + 3*z - 3 = 6*m, -w*m + 3*z - 3 = 0. Suppose m = -4*y + 80 + 276. Is y a composite number?
False
Let m(k) = k + 36. Let i be m(-26). Let b(s) = 4*s + 2*s - 4 + 15. Is b(i) a prime number?
True
Suppose 4*x = 2*f - 14, 2*f - 3*x = 3*f - 2. Suppose 0 = 8*h - f*h - 930. Suppose 13 = n - h. Is n a prime number?
False
Let c be -102 + -4 + 4 + -1. Let y = 94 - -12. Let z = y - c. Is z prime?
False
Is ((-55911)/(-9))/(2/6) a prime number?
True
Suppose -p - p - m + 5 = 0, 3*p + m - 8 = 0. Suppose -h - 4*j = -1871, 0 = -5*h - 4*j + p*j + 9336. Is h prime?
True
Suppose o - 3 = 0, 0 = -5*p - 0*p - o + 26808. Is p composite?
True
Suppose 5*l + 1040 - 2980 = 0. Let z = l - -955. Is z a prime number?
False
Let s(a) = -4*a**3 - 2*a**2 + 2*a - 1. Let l(j) = 3*j**3 + j**2 - 1. Let h be l(1). Suppose 3*q + 12 = h. Is s(q) a prime number?
True
Suppose 0 = -2*w + 3*j - 2*j + 44, 2*j = -8. Suppose 5*o - w = 15. Is (o - 2/1)*11 prime?
False
Let d(o) = -3*o + 20. Let f b